What are the prime factors of m?
3
Let h be (-12)/3*3/4. Let z(u) = -u**2 - 2*u + 4. Let i be z(h). What are the prime factors of ((-2)/i - 8)/(-1)?
2, 5
Suppose -2*f - 2*b = -b - 58, f = 3*b + 29. What are the prime factors of f?
29
Let w be 1/(-3 - 15/(-6)). List the prime factors of w/(-1 + (-3)/(-4)).
2
Suppose 2*s - 5*l = 4*s - 25, 5*s = -2*l + 10. Let u = 2 - s. Suppose -5 = m - u*m. What are the prime factors of m?
5
Let z = 10 - 5. Let k = 16 + z. List the prime factors of k.
3, 7
Let m(x) = x**2 - 2*x + 9. What are the prime factors of m(4)?
17
Suppose 0*g + 5*g - 10 = 0. Suppose -4 = -g*n + 4. Suppose -5*u + 3*r - 10 = -48, n*u + 3*r - 25 = 0. What are the prime factors of u?
7
Let a(g) = g**2 - 7*g + 7. Let h be a(8). Let c = h + 1. List the prime factors of c.
2
Let x be ((-80)/(-25))/(4/90). What are the prime factors of 184/18 + (-16)/x?
2, 5
Let l(r) be the second derivative of r**3/6 + 2*r**2 + 7*r. What are the prime factors of l(0)?
2
Suppose 0 = 5*t + s - 27, 4*t - 12 = -0*t + 4*s. Suppose -t*u = 2*a - 80 + 11, 5*u - 67 = -a. What are the prime factors of u?
13
Let b be -6*(-1 - 0 - -7). What are the prime factors of -14*(3 - b/(-8))?
3, 7
Let w(y) = 2*y**3 + 2*y**2 - 1. Let i be w(-1). Let m(u) = -6*u - 1. What are the prime factors of m(i)?
5
Let d be 1/(-3)*-3*0. Suppose 0 = -4*r - d*r + 96. Suppose 11 = 5*p - r. List the prime factors of p.
7
Let m = 5 - 4. Let i be 0*m/(-2) - -28. Let x = i + -16. What are the prime factors of x?
2, 3
Suppose -5*n + 7*n = 56. List the prime factors of n.
2, 7
Let g(d) = 2*d**2 + d - 3. Let z be g(-3). Suppose q + z = 2*q. List the prime factors of q.
2, 3
Suppose 0 = -z + 5, 3 - 35 = -4*w - 4*z. Suppose 2*n + w = -1, -16 = -p - 3*n. What are the prime factors of p?
2, 11
Let j = 0 + -2. What are the prime factors of 1*(0 + -1)*j?
2
Suppose 5*t - 9 = 11. Let v be t/14 + 82/7. List the prime factors of 1 + 5/(10/v).
7
Let q be 1*(0/(-2))/1. Let h = 7 - 2. Let z = h + q. What are the prime factors of z?
5
Suppose 2*g = 24 + 22. What are the prime factors of g?
23
Let u(n) = 118*n**3 - 3*n**2 + 2*n. What are the prime factors of u(1)?
3, 13
Suppose 0 = 4*n - 58 - 90. Suppose c - 28 = -2*q, -11 = -2*c + 4*q + n. What are the prime factors of c?
2, 13
Let c(a) = a**3 + 8*a**2 + 5*a - 4. Let m be c(-7). Suppose -m*u = -8*u - 66. List the prime factors of u.
3, 11
Suppose -n + 3*c = 0, n + 2*n - 4*c = 10. Let r = -1 + n. List the prime factors of r.
5
Let c = 43 - 25. Suppose 3 = -3*k + c. What are the prime factors of k?
5
Suppose d + 80 = 3*d - 3*h, -4*h + 86 = 3*d. List the prime factors of d.
2, 17
Suppose -5*w = 3*n - 15, -2*w = w - 3*n - 33. List the prime factors of w.
2, 3
Suppose -o - 1 = -3. What are the prime factors of o/8 + (-142)/(-8)?
2, 3
Let m(l) = -l**3 - 4*l**2 + 8*l - 1. Let g be m(-6). Let i = g + -8. Let n = -9 + i. List the prime factors of n.
2, 3
Let t(c) = c**3 + 4*c**2 - 5*c + 9. Let n be t(-7). Let j = n - -151. What are the prime factors of j?
2, 3
Let n(l) = l**2 + 3*l + 67. What are the prime factors of n(0)?
67
Suppose -3*q + 5*k + 265 = 0, -2*q - 2*k = 3*q - 421. Suppose -10*i + q = -5*i. What are the prime factors of i?
17
Let x = -3 + 8. List the prime factors of (5/4)/(x/20).
5
List the prime factors of (-4)/6 + 884/39.
2, 11
Let n(r) = 3*r**3 - 2*r**2 - 3*r + 4. What are the prime factors of n(3)?
2, 29
Suppose -3 = -5*o + 2, -4*j + o = -11. Let h(w) = 8*w - 4. What are the prime factors of h(j)?
2, 5
Let f = 4 + -4. What are the prime factors of f + (-45)/(-6)*2?
3, 5
List the prime factors of (-20)/(-10) - -1*189.
191
Suppose 2 = -5*w + 12. Suppose -l + 42 = 3*r, -w*r + 3*l + 4 = -r. What are the prime factors of r?
13
Let r = -1 - 2. List the prime factors of 6 + -2 + (-24)/r.
2, 3
Suppose -50 = d - 3*d. Suppose d = -4*j + 113. List the prime factors of j.
2, 11
Let k(o) = -5*o**3 - o - 2. What are the prime factors of k(-2)?
2, 5
Let z(r) = -r**3 + 5*r**2 - 5*r + 4. Let f be z(3). Suppose 0 = -5*q, 3*t + 12 = -3*q - 0*q. Let o = t + f. What are the prime factors of o?
3
What are the prime factors of (1 + -4)/(12/(-60))?
3, 5
Suppose -4*c = -3*o + 5, -2*o - 3*o - 4*c + 19 = 0. What are the prime factors of (-708)/(-18) - o/9?
3, 13
Let a be (-6)/9*(2 + -5). Suppose -a*s + 5*k + 33 = 0, 5*s - 75 = -4*k + 90. What are the prime factors of s?
29
Let l(x) = x + 4. Let f be l(0). Let r be 3/12 + 7/f. Suppose -r*g - g = q - 64, 0 = 4*g + 5*q - 89. List the prime factors of g.
3, 7
Let y = 7 - 5. Suppose z + 0*z = -y. Let g = z + 4. List the prime factors of g.
2
Suppose -5*v + 5*h - 16 - 9 = 0, 20 = -3*v + 4*h. Suppose v = -4*x + 5*j + 33, 4*x - 26 = x + 4*j. List the prime factors of x.
2
Suppose -3*p = 3*c + 1068, 4*p = 4*c + 163 + 1277. Let o = c - -680. What are the prime factors of (1/(-2))/((-7)/o)?
23
Suppose -3*j + 3 = -0*j. Let s(x) = 27*x**3 + 1. List the prime factors of s(j).
2, 7
Suppose h - 5*h = -4. Suppose 2*o + 3*i - 49 = 0, 0 = -3*o + 3*i - h + 82. What are the prime factors of (-10)/(-65) - (-438)/o?
17
Let p(v) = -16*v - 18. Let h be p(-12). List the prime factors of 3/(-9)*h/(-2).
29
Let q be 68/7 + 4/14. Suppose -q = -t + 2*t. What are the prime factors of ((-16)/t)/((-4)/(-10))?
2
Suppose 0 = -2*n - 5*t + 94, 0 = n + t - 4*t - 69. List the prime factors of n.
3, 19
Let g = -42 - -23. Let q = -12 - g. Let c = q + -5. List the prime factors of c.
2
Let c = 108 + -72. Let m be 0 + -1 + 3 + 1. List the prime factors of (m/6)/(3/c).
2, 3
Let h(u) be the second derivative of u**5/10 - 2*u**3/3 + 3*u**2/2 - u. Let l(x) = -x**2 + 14*x - 11. Let s be l(13). What are the prime factors of h(s)?
11
Let m = -5 - -3. Let h(p) be the second derivative of -p**3/2 - p. What are the prime factors of h(m)?
2, 3
Let t(n) = 2*n**2 - 4*n + 2. Let s be t(2). Let c(f) = s*f**2 + 12*f**2 - 4*f**2. List the prime factors of c(1).
2, 5
Suppose 80 = 31*l - 26*l. What are the prime factors of l?
2
Suppose 0 = k - 2*k + 204. Suppose 0 = -5*i + 10, 5*r = 5*i - 2*i + k. Suppose -m = 2*m - r. List the prime factors of m.
2, 7
Let y(o) = 2*o**3 - 4*o**2 - 4*o + 4. Let v(u) = u**2 - u**3 - 4*u**3 + 0*u**2 + 4*u**3. Let q(s) = v(s) + y(s). List the prime factors of q(4).
2
Suppose -1200 = -18*b + 3*b. List the prime factors of b.
2, 5
Suppose -k = 4, 3*h - 7*h + 3*k + 52 = 0. List the prime factors of h.
2, 5
Let w(v) = -217*v - 5. List the prime factors of w(-1).
2, 53
Let d(o) = -o**2 + 12*o + 4. List the prime factors of d(8).
2, 3
Suppose -z = 3*q - 111, 5*z - 87 = 4*q - 6*q. List the prime factors of q.
2, 3
Suppose 5*z + s - 21 = 4*s, 10 = 2*z - 2*s. Suppose z*a = 6, 0 = -2*m + 3*m - a - 2. What are the prime factors of m?
2
Let r be (-18)/12 - (-6)/(-4). Let b = -2 - r. List the prime factors of 7*(-2 - -4) + b.
3, 5
Suppose -4*g - g + 10 = 0, -f = 4*g - 10. Suppose -5*j - 143 = b, -137 = f*j + 3*j + 4*b. Let z = -19 - j. What are the prime factors of z?
2, 5
Let s be 18/((-9)/(-3)) - 3. Suppose s*k + k - 92 = 0. List the prime factors of k.
23
Let k = 272 + -174. What are the prime factors of k?
2, 7
Let h be ((-32)/40)/((-2)/(-5)). List the prime factors of -3 + (h - -4) + 3.
2
Let g(p) = -2*p - 1. Let j be g(-1). Let z(b) = -2*b - 1 + 2 + 12*b**2 + b. List the prime factors of z(j).
2, 3
Let w = 2 - 5. Let g = 5 - w. What are the prime factors of -3 + g - (-1 + 2)?
2
Let s(w) = -w**3 - 8*w**2 + w + 11. Let y be s(-8). Suppose -y*n + 110 = 2*n. What are the prime factors of n?
2, 11
Let l(u) = u**2 + u - 4. Suppose 3 + 3 = -2*f. Let k be l(f). Let o = k - -8. List the prime factors of o.
2, 5
What are the prime factors of (-7)/((-28)/(-16)) - -59?
5, 11
Let q be 7/(21/162) - -3. Let y = q - 17. List the prime factors of y.
2, 5
Let q = -4 + 2. Let u be 2*-2*1/4. List the prime factors of (-2 - q) + 2 - u.
3
Suppose -2*o = n - 379, o = 5*n - 2*n - 1165. What are the prime factors of n?
3, 43
Let p(y) = -y + 3. Let s be p(0). Let a = 1 - 1. Suppose -2*f - s*f + 45 = a. List the prime factors of f.
3
Let g(k) be the third derivative of -k**7/280 - k**6/90 - k**5/60 - k**3/6 - 2*k**2. Let n(z) be the first derivative of g(z). List the prime factors of n(-2).
2, 3
Let h(b) = b**3 - 9*b**2 + 7*b - 10. Let j be h(8). Let w be (-2567)/(-9) + 4/j. List the prime factor